greatest common divisor of 1904 and 70542248?
952
Calculate the greatest common divisor of 26908 and 140.
28
What is the highest common factor of 696 and 8344428?
12
Calculate the highest common factor of 8 and 1344649512.
8
Calculate the highest common divisor of 46460 and 9391889.
2323
What is the highest common factor of 21216 and 4633928?
1768
Calculate the greatest common factor of 172296 and 571176.
72
What is the greatest common factor of 24064 and 1099471?
47
Calculate the greatest common divisor of 90050 and 37600.
50
What is the greatest common factor of 3048 and 604308?
12
Calculate the highest common factor of 1120777 and 159083.
257
Calculate the highest common divisor of 652108569 and 2741.
2741
Calculate the greatest common divisor of 483564 and 80004.
708
What is the highest common divisor of 95531926 and 322?
322
What is the greatest common factor of 53116 and 1352939?
49
What is the greatest common divisor of 6406531386 and 1046?
1046
Calculate the greatest common factor of 3504272 and 248.
8
Calculate the highest common factor of 18 and 12286842.
6
What is the greatest common divisor of 28963332 and 5508?
324
What is the highest common factor of 10365 and 2595?
15
What is the highest common factor of 32688256 and 86?
86
Calculate the greatest common divisor of 4527777 and 1236.
309
What is the highest common factor of 23894628 and 19?
19
What is the highest common factor of 252 and 223056414?
126
What is the highest common divisor of 9884035 and 455?
35
What is the greatest common factor of 8 and 29155900?
4
Calculate the highest common factor of 19375 and 3745625.
625
Calculate the greatest common divisor of 345347275 and 455.
455
Calculate the highest common factor of 168795 and 333405.
1395
What is the highest common factor of 3078 and 35233752?
114
What is the greatest common factor of 348057 and 1377?
81
Calculate the greatest common divisor of 1675 and 6445675.
25
Calculate the greatest common factor of 1197380 and 14796.
548
Calculate the greatest common divisor of 10 and 5058595.
5
What is the greatest common divisor of 5568 and 71072?
32
Calculate the highest common divisor of 3642 and 21079289.
607
What is the greatest common divisor of 548136900 and 2043?
2043
What is the greatest common factor of 395178 and 1164?
582
What is the highest common factor of 925245 and 30015?
1305
Calculate the highest common divisor of 3730361 and 612.
17
What is the greatest common divisor of 93117996 and 972?
36
Calculate the greatest common factor of 283592 and 1216.
8
What is the greatest common factor of 49627695 and 273?
39
Calculate the greatest common factor of 395 and 64595.
5
Calculate the greatest common factor of 43030183 and 259.
7
What is the greatest common divisor of 672 and 5885824?
224
Calculate the highest common factor of 144745423 and 303.
101
What is the greatest common divisor of 188564 and 784464?
236
What is the greatest common divisor of 18958898 and 252?
14
Calculate the highest common factor of 7656116 and 4524.
1508
Calculate the highest common divisor of 26941 and 879976.
29
What is the greatest common factor of 738 and 376626?
246
What is the greatest common factor of 28 and 274522682?
14
Calculate the highest common divisor of 509628528 and 333.
333
What is the highest common divisor of 1260550680 and 51?
51
Calculate the greatest common factor of 249 and 39053409.
249
What is the highest common factor of 20 and 33869620?
20
What is the greatest common divisor of 1477 and 6736597?
1477
Calculate the highest common divisor of 963899895 and 186.
93
What is the greatest common divisor of 101 and 44523931?
101
What is the greatest common divisor of 2287782 and 567?
63
What is the highest common factor of 19100 and 78525?
25
What is the greatest common divisor of 234 and 7851818?
26
What is the greatest common divisor of 8427776 and 24?
8
What is the greatest common factor of 714395 and 5363?
31
What is the greatest common divisor of 5708 and 875681404?
5708
What is the highest common divisor of 12153054 and 310?
62
Calculate the greatest common divisor of 45426 and 783855914.
15142
Calculate the highest common divisor of 484 and 758428.
484
Calculate the greatest common divisor of 143 and 73451807.
143
What is the highest common factor of 70523 and 6286466?
109
What is the greatest common factor of 3 and 1318099?
1
Calculate the greatest common factor of 95958 and 913378.
3554
Calculate the highest common factor of 80070 and 789710.
1570
What is the highest common factor of 2552627 and 539?
77
Calculate the highest common divisor of 2709 and 3584609.
301
Calculate the highest common factor of 22 and 270903644.
22
What is the highest common factor of 6648114 and 46551?
789
Calculate the greatest common divisor of 2135 and 23002063.
427
What is the greatest common divisor of 1203074 and 1624939?
607
What is the greatest common factor of 30912 and 101828544?
4416
What is the greatest common divisor of 1121932 and 521220?
476
Calculate the greatest common divisor of 316762 and 53212.
502
Calculate the greatest common divisor of 720388 and 1880.
4
Calculate the greatest common factor of 114263050 and 1442.
206
What is the greatest common factor of 65670 and 51810?
330
What is the greatest common factor of 6984831 and 2247?
21
What is the highest common divisor of 67679310 and 1351?
193
Calculate the highest common factor of 468 and 31780242.
234
What is the greatest common divisor of 474043606 and 272?
34
Calculate the greatest common divisor of 478916 and 12480408.
7148
What is the greatest common divisor of 25904 and 75651013?
1619
What is the highest common factor of 1055682 and 146754?
4734
Calculate the greatest common divisor of 107825436 and 12.
12
Calculate the greatest common factor of 687 and 9348467.
229
Calculate the highest common factor of 95944096 and 944.
16
Calculate the greatest common divisor of 960 and 674205.
15
What is the highest common factor of 40 and 1993925?
5
What is the greatest common factor of 3904852 and 21?
7
Calculate the greatest common divisor of 1572525801 and 7623.
7623
What is the highest common divisor of 63041 and 25729?
11
What is the greatest common factor of 40 and 29306510?
10
What is the greatest common divisor of 500720 and 11440?
880
What is the highest common factor of 130 and 309974444?
26
Calculate the greatest common factor of 33 and 835877317.
11
What is the highest common factor of 79598574 and 89?
89
What is the greatest common factor of 1006754 and 1568?
98
Calculate the highest common factor of 106296 and 927.
309
What is the greatest common divisor of 4176 and 30901776?
48
What is the greatest common factor of 14320 and 1008?
16
What is the highest common factor of 83 and 55605103?
83
What is the greatest common factor of 32 and 54941792?
32
Calculate the greatest common factor of 15 and 798815.
5
Calculate the greatest common factor of 2 and 683976688.
2
What is the greatest common divisor of 3630657 and 317767?
6761
What is the greatest common divisor of 224708540 and 172?
172
Calculate the greatest common factor of 1099 and 7253871.
157
What is the greatest common divisor of 45661826 and 44213?
3401
What is the highest common factor of 870759 and 15?
3
What is the greatest common divisor of 209539 and 3727845?
4873
Calculate the highest common divisor of 352 and 692207648.
352
What is the greatest common divisor of 53008540 and 3380?
3380
Calculate the greatest common factor of 13404175 and 16340.
215
What is the greatest common divisor of 541604 and 448?
28
What is the highest common factor of 38502 and 2532762?
1674
What is the greatest common divisor of 13339248 and 312?
312
Calculate the greatest common factor of 16 and 651634768.
16
What is the greatest common factor of 140 and 47116230?
70
Calculate the highest common divisor of 798 and 7823886.
42
What is the greatest common divisor of 1518309 and 40261?
247
What is the highest common factor of 183 and 1957543558?
61
What is the highest common divisor of 1777316 and 28352?
1772
What is the highest common factor of 221210 and 17730?
10
Calculate the greatest common divisor of 4610593 and 221.
13
Calculate the greatest common divisor of 2174 and 5836.
2
Calculate the highest common factor of